-20*y + 20. Let u = 38 - 40. Let k(f) = u*h(f) - 7*q(f). Determine k(1).
-7
Let l(y) = -6*y + 3. Let x(q) = 0 - 7 - q + 8 + 0. Let m(d) = l(d) - 5*x(d). Suppose 3*g - 2*g - 6 = 0. What is m(g)?
-8
Let v(z) = -8*z**2 - z - 3. Let y(w) = -25*w**2 - 4*w - 6. Let r(s) = -3*v(s) + y(s). Determine r(3).
-9
Let r(y) = -4*y**3 + 2*y**2 - 2*y + 1. Suppose 10*u + 901 - 71 = 0. Let w = 87 + u. Suppose 2*m - 14 = 4*m - w*g, 2*g = 4*m + 4. Determine r(m).
-3
Let u(y) be the first derivative of 13*y + 3/2*y**2 - 1/3*y**3 - 18. Determine u(6).
-5
Let a(y) = -6*y + 38. Suppose 21*f - 15 - 42 = 2*f. What is a(f)?
20
Let w(y) = 37*y**2 + 4*y + 18. Suppose -22 = 2*a + 4*d, -8*a + 3*d + 4 = -7*a. Let q(u) = 19*u**2 + 2*u + 7. Let r(x) = a*q(x) + 2*w(x). Determine r(1).
-22
Let i(c) = 23*c**3 - 11*c**2 - 36*c + 32. Let v(n) = -16*n**3 + 8*n**2 + 25*n - 22. Let m(k) = -7*i(k) - 10*v(k). What is m(-3)?
-10
Let p(k) = k**2 + 5*k - 14. Let w = 26433 - 26428. Determine p(w).
36
Let w = 11 + -19. Let k be 4/(-22) - 20472/(-66). Let h(l) = 8 - l**2 + 7 - 5 + 304*l - k*l. Determine h(w).
-6
Let y(i) = i**3 + 8*i**2 + 4*i - 54. Let l be y(-6). Let f(m) = m**3 + 6*m**2 + 2*m + 4. Give f(l).
-8
Let b(q) = 1144*q - 9. Let y(n) = 1429*n - 9. Let o(z) = -5*b(z) + 4*y(z). Suppose -g = 2*g - 18. What is o(g)?
-15
Let y be (-4)/(-1) - (-2 - -1). Suppose z = -y*u - 35, -3 = -3*u + 4*z - 1. Let x(n) = -n**2 - 4*n + 6. Determine x(u).
-6
Let o(h) = -2*h**2 + 1. Let g be o(1). Let l(x) = x**3 - 10*x**2 - 3*x + 18. Let p(z) = -1. Let c(w) = g*l(w) - 6*p(w). Give c(10).
18
Let d(n) = 3*n**3 - 3*n**2 - 3*n - 1. Let i be (-145)/(-116)*(10/(-25) - -2). Give d(i).
5
Let r(f) be the third derivative of f**6/60 - f**4/24 + 5836*f**2. Suppose -u - 3*u - 4 = 0. Determine r(u).
-1
Let l(g) = 5*g**2 - g. Let w = 47 + -32. Let t = w + -12. Let x be t/9*1*(-2 - 1). Give l(x).
6
Let h(k) = -k**2 - 3. Let n be h(-3). Let t be n/(-1)*(-8 + 90/12). Let j(x) = -x**3 - 6*x**2 + 1. Calculate j(t).
1
Let c(m) = -2*m**3 + 44*m**2 + 54*m - 188. Let l be c(23). Let f(h) = -9*h + 5. Determine f(l).
41
Suppose 3*j + 11 = -4. Let h(f) = f + 588. Let v(g) = -292. Let q(a) = h(a) + 2*v(a). Give q(j).
-1
Let q be (-402)/134 + 40/(8/2). Let h(w) = w**2 + 3*w - 81. Calculate h(q).
-11
Suppose -v + 10 + 22 = 15*v. Let m(h) = -4*h**2 - 3*h + 4. Determine m(v).
-18
Suppose -20*k = -18*k - 12, q - 31 = -4*k. Let f(v) = 16*v - 109. Give f(q).
3
Suppose 58*c + 23 = 35*c. Let b be ((-2)/2)/((-1)/4). Let y(p) = 0*p + 0*p + 2*p + b*p. Calculate y(c).
-6
Let x = 716 + -716. Let n(s) = 3*s**3 + 4*s**2 + 2*s + 10. Let l(z) = -7*z**3 - 10*z**2 - 6*z - 20. Let c(a) = -2*l(a) - 5*n(a). What is c(x)?
-10
Let g(s) be the third derivative of s**5/60 + s**4/8 - 11*s**3/3 + 663*s**2 + 3. Determine g(-6).
-4
Let j(i) = 0*i**3 - 4*i**2 + 0*i**2 + 3*i**2 - 7 + i**3. Let l(k) = -27 + 20 + 3*k + 25. Let x be l(-6). Determine j(x).
-7
Let g be (-393)/(-6) - 1/(-2). Suppose -68 = -4*h + 4*a, -12 = 33*a - 31*a. Let y be -20*(h/g - 14/(-60)). Let c(n) = n**3 + 8*n**2 + 1. Determine c(y).
1
Suppose -4*r = 16, x - 2*r = -3*r - 5. Let k(t) = 3*t + 4. Let b be k(x). Let n(q) = -8*q + 8*q - 10*q - 10*q - b. Give n(1).
-21
Suppose -55995*k - 74 = -56032*k. Let q(m) be the second derivative of k*m - 1/6*m**3 + 1/2*m**2 + 0. What is q(8)?
-7
Let w = 1 - -1. Let c(t) = -4 - 8*t + 2 - 6 - t**w. Let z(g) = -11*g**2 - 1465*g + 1200. Let h be z(-134). Determine c(h).
4
Let q(x) = -x**3 + 38*x - 25*x + 16 + 0*x**3 - 12*x**2 + 7 - 24*x. What is q(-11)?
23
Let w(f) be the second derivative of f**5/30 - 5*f**4/24 + f**3/2 - 47*f. Let c(d) be the second derivative of w(d). Determine c(3).
7
Let t(n) = 2*n - 27. Let u(h) = h + 12. Let v(x) = 3*t(x) + 5*u(x). What is v(9)?
78
Let i(x) = x**3 - 6*x**2 + 5*x + 1. Suppose -310*l = -308*l + 3*y - 14, l - 14 = -5*y. Give i(l).
-11
Let h(r) = -1. Suppose 4*x = 4*w - 2*w + 12, -w - 9 = -3*x. Let m(z) = z**3 + 2*z**3 + z - 4*z**x - 24 - z**2. Let v(y) = -5*h(y) + m(y). Calculate v(0).
-19
Let z(f) = -f**2 + 15*f - 2. Let n(l) = 254*l - l**2 - 110*l - 128*l. Let w(b) = 4*n(b) - 5*z(b). What is w(7)?
-18
Let p(k) be the second derivative of k**3/2 + 65*k**2/2 - 2*k - 16. Give p(-24).
-7
Let q(p) = -3*p**2 - 40*p - 12. Let y be q(-13). Let c be 4 - y*(-6)/6. Let v(u) = u. What is v(c)?
5
Let y(r) = -13*r**2 + 158*r - 19. Let w(f) = 6*f**2 - 72*f + 9. Let a(i) = 9*w(i) + 4*y(i). Give a(7).
-9
Let s be ((-4)/3)/(4032/(-108) - -37). Let r(q) = 5*q**2 - 6*q + 5. Calculate r(s).
61
Let o(r) = -13*r - 51. Suppose 31*y + 33 = -184. Determine o(y).
40
Let g(f) = -4*f + 2. Let t(i) = 198 + 27*i - 217 - 4*i. Let p(u) = -6*g(u) - t(u). Determine p(-9).
-2
Let h(i) = -20*i - i**3 - 9 + 33*i - 4 - 12*i + 13*i**2. Let k = -338 + 351. Determine h(k).
0
Let u(x) = -3*x**3 - 8*x**2 - 2*x + 13. Let k(a) = -a**3 - a**2 - a - 4. Let h(r) = -2*k(r) + u(r). Let w be h(-3). Let b(y) = y**2 + 9*y + 14. What is b(w)?
-4
Let s(t) = -t**3 + 4*t**2 - 5*t - 7. Let f = -3250 + 3253. Calculate s(f).
-13
Let w(r) = 2*r**3 + 15*r**2 + 15*r - 15. Let c be w(-6). Let j(l) be the third derivative of 0 + 1/3*l**c + 0*l - 1/6*l**4 + 15*l**2. What is j(-2)?
10
Let t(g) = -4*g**2 + 26*g + 3. Let n be t(7). Let m(s) = 3*s**2 + 38*s + 53. Let l be m(n). Let x(q) = 3*q**2 - 2. Determine x(l).
10
Let q = -751 - -870. Let r(s) = 14*s + 39*s**2 - q*s**2 + s**3 - 6*s + 11 + 70*s**2. What is r(9)?
2
Let a be (-18)/18*34/(-2). Suppose -a + 41 = -3*g. Let q(y) be the second derivative of -y**4/12 - 4*y**3/3 - 5*y**2 + 2*y. Calculate q(g).
-10
Let g(f) = -5*f**2 - 13*f - 30. Let i(m) = -6*m**2 - 13*m - 40. Let c(d) = 7*g(d) - 6*i(d). Give c(4).
-6
Let t(n) = 3*n**2 + 161*n + 105. Let u be t(-53). Let a(r) = -13*r**2 + 0 - 1 + 384*r - 385*r. What is a(u)?
-13
Let w(v) be the first derivative of -2*v**3 + 3*v**2/2 - v - 1673. Let z(j) = -j**3 + 2*j**2 + j. Let b be z(2). Give w(b).
-19
Suppose 3*m - 4 = g, 0*g + 2 = -g + 2*m. Let t(v) = 4*v**2 + 17*v - 33. Let z be t(-6). Let s(f) = 213*f**2 - 9*f + z*f - 3*f - 210*f**2. Give s(g).
6
Let d(g) = g**3 - 20*g**2 + 20*g - 20. Let h be 1/(-2)*0 - 1938/(-102). What is d(h)?
-1
Let f(x) = -4*x**2 + 11*x + 10. Let a(o) = -9*o**2 + 25*o + 19. Let c(d) = -2*a(d) + 5*f(d). Determine c(5).
-13
Let l(v) = v**3 + 9*v**2 + 10*v + 11. Let t be (-6)/(30/(-25)) - 1. Let g be 4/(3/t*4/(-6)). Give l(g).
-5
Let y(a) = a**3 - 6*a**2 + 7*a - 3. Let t(b) = -2*b**2 - 67*b + 770. Let p be t(9). Determine y(p).
7
Let s(q) = 17*q + 17 + 2 + 31*q - 43*q - 2. Calculate s(7).
52
Let j(g) = -16*g + 350. Let t(p) = -11*p - 2. Let c(x) = j(x) - 4*t(x). Determine c(-13).
-6
Let n(q) = -3*q + 3. Let m be -8*3/6 + -64. Let w = m + 63. Let v(x) = x - 1. Let p(r) = w*v(r) - 2*n(r). Determine p(-6).
-7
Let c(q) = 2*q - 4. Let o(w) = -6*w + 13. Let m(z) = -8*c(z) - 3*o(z). Suppose 52 = 12*g - 236. Suppose 30*p - 27*p = g. Give m(p).
9
Let q(a) = -7*a - 48. Let n be q(-13). Suppose 3*c + 3*j = 33, 27*j - n = -4*c + 22*j. Let t(u) = u**3 - 12*u**2 - u - 8. Determine t(c).
-20
Let v = 207 - 204. Let t(d) = -6*d - 2 + 21*d + d**v - 17*d. Give t(-2).
-6
Let f(h) be the second derivative of 1/20*h**5 - 5*h**2 + 0 + 1/12*h**4 - 1/6*h**3 - 16*h. What is f(0)?
-10
Let i(z) = -3*z + 7 - z + 3*z. Suppose 3*f - 511*c + 33 = -514*c, 4*c + 41 = -3*f. Give i(f).
10
Let s = 1141 - 1137. Let u(l) be the first derivative of -1 + 1/4*l**s + l**2 - 6*l + 2*l**3. Determine u(-5).
9
Suppose 4*u + 121*m - 117*m = -52, 5*m + 59 = -4*u. Let n(k) = 18*k + 31. Determine n(u).
-77
Suppose 0 = -13*q - 5*t - 108, -t = -3*q - 6 - 6. Let z(o) = o**3 + 5*o**2 - 6*o - 22. Determine z(q).
-22
Let l = 21047 - 21064. Let r(o) = -o**3 - 17*o**2 + 2*o + 51. Calculate r(l).
17
Let n(v) = -7*v - 33. Suppose -39*m - 105 = 29 + 61. Calculate n(m).
2
Suppose 16*n + 74 = -230. Let d(f) = -4*f - 64. Let h be d(n). Let w(l) = l - 9. Calculate w(h).
3
Suppose o + 9 = -4*w, -10*o + 125 = -15*w + 12*w. Let a(f) = -2*f. What is a(o)?
-22
Let c = 1155 - 1149. Let p(d) be the second derivative of d**3/2 - 7*d**2/2 - 7*d. Determine p(c).
11
Let y be (-12)/12 - (-3 - 0). Suppose -3*f = -p - 14, 2*f + p = 18 - y. Let q be ((-20)/(-6))/(f/(-9)). Let b(z) = z**3 + 5*z**2 + 3*z + 7. Give b(q).
-8
Let s(j) = 6 - 2*j**2 + 